[INFO] fetching crate drone-stm32-macros 0.8.3...
[INFO] checking drone-stm32-macros-0.8.3 against try#72f88fc4e9458f89516a0b8b0868f3718aec5b47 for pr-74989
[INFO] extracting crate drone-stm32-macros 0.8.3 into /workspace/builds/worker-4/source
[INFO] validating manifest of crates.io crate drone-stm32-macros 0.8.3 on toolchain 72f88fc4e9458f89516a0b8b0868f3718aec5b47
[INFO] running `Command { std: "/workspace/cargo-home/bin/cargo" "+72f88fc4e9458f89516a0b8b0868f3718aec5b47" "read-manifest" "--manifest-path" "Cargo.toml", kill_on_drop: false }`
[INFO] started tweaking crates.io crate drone-stm32-macros 0.8.3
[INFO] finished tweaking crates.io crate drone-stm32-macros 0.8.3
[INFO] tweaked toml for crates.io crate drone-stm32-macros 0.8.3 written to /workspace/builds/worker-4/source/Cargo.toml
[INFO] running `Command { std: "/workspace/cargo-home/bin/cargo" "+72f88fc4e9458f89516a0b8b0868f3718aec5b47" "generate-lockfile" "--manifest-path" "Cargo.toml" "-Zno-index-update", kill_on_drop: false }`
[INFO] running `Command { std: "/workspace/cargo-home/bin/cargo" "+72f88fc4e9458f89516a0b8b0868f3718aec5b47" "fetch" "--locked" "--manifest-path" "Cargo.toml", kill_on_drop: false }`
[INFO] [stderr]  Downloading crates ...
[INFO] [stderr]   Downloaded drone-macros-core v0.8.3
[INFO] running `Command { std: "docker" "create" "-v" "/var/lib/crater-agent-workspace/builds/worker-4/target:/opt/rustwide/target:rw,Z" "-v" "/var/lib/crater-agent-workspace/builds/worker-4/source:/opt/rustwide/workdir:ro,Z" "-v" "/var/lib/crater-agent-workspace/cargo-home:/opt/rustwide/cargo-home:ro,Z" "-v" "/var/lib/crater-agent-workspace/rustup-home:/opt/rustwide/rustup-home:ro,Z" "-e" "SOURCE_DIR=/opt/rustwide/workdir" "-e" "CARGO_TARGET_DIR=/opt/rustwide/target" "-e" "CARGO_HOME=/opt/rustwide/cargo-home" "-e" "RUSTUP_HOME=/opt/rustwide/rustup-home" "-w" "/opt/rustwide/workdir" "-m" "1610612736" "--user" "0:0" "--network" "none" "rustops/crates-build-env@sha256:d92eaeed33fa75130ca1ee6c8a01d1ffb62bac859dfdfb3450e3e5d1c0146529" "/opt/rustwide/cargo-home/bin/cargo" "+72f88fc4e9458f89516a0b8b0868f3718aec5b47" "metadata" "--no-deps" "--format-version=1", kill_on_drop: false }`
[INFO] [stdout] ad3ab93a3575e9d5f87dde839a1d1443746d8fec165b43351ede8e9a3c0dc6f2
[INFO] [stderr] WARNING: Your kernel does not support swap limit capabilities or the cgroup is not mounted. Memory limited without swap.
[INFO] running `Command { std: "docker" "start" "-a" "ad3ab93a3575e9d5f87dde839a1d1443746d8fec165b43351ede8e9a3c0dc6f2", kill_on_drop: false }`
[INFO] running `Command { std: "docker" "inspect" "ad3ab93a3575e9d5f87dde839a1d1443746d8fec165b43351ede8e9a3c0dc6f2", kill_on_drop: false }`
[INFO] running `Command { std: "docker" "rm" "-f" "ad3ab93a3575e9d5f87dde839a1d1443746d8fec165b43351ede8e9a3c0dc6f2", kill_on_drop: false }`
[INFO] [stdout] ad3ab93a3575e9d5f87dde839a1d1443746d8fec165b43351ede8e9a3c0dc6f2
[INFO] running `Command { std: "docker" "create" "-v" "/var/lib/crater-agent-workspace/builds/worker-4/target:/opt/rustwide/target:rw,Z" "-v" "/var/lib/crater-agent-workspace/builds/worker-4/source:/opt/rustwide/workdir:ro,Z" "-v" "/var/lib/crater-agent-workspace/cargo-home:/opt/rustwide/cargo-home:ro,Z" "-v" "/var/lib/crater-agent-workspace/rustup-home:/opt/rustwide/rustup-home:ro,Z" "-e" "SOURCE_DIR=/opt/rustwide/workdir" "-e" "CARGO_TARGET_DIR=/opt/rustwide/target" "-e" "CARGO_INCREMENTAL=0" "-e" "RUST_BACKTRACE=full" "-e" "RUSTFLAGS=--cap-lints=forbid" "-e" "CARGO_HOME=/opt/rustwide/cargo-home" "-e" "RUSTUP_HOME=/opt/rustwide/rustup-home" "-w" "/opt/rustwide/workdir" "-m" "1610612736" "--user" "0:0" "--network" "none" "rustops/crates-build-env@sha256:d92eaeed33fa75130ca1ee6c8a01d1ffb62bac859dfdfb3450e3e5d1c0146529" "/opt/rustwide/cargo-home/bin/cargo" "+72f88fc4e9458f89516a0b8b0868f3718aec5b47" "check" "--frozen" "--all" "--all-targets" "--message-format=json", kill_on_drop: false }`
[INFO] [stdout] 6c3e1ae6f719390cb8a59b3a2d0933a2098c13d6e091ccbd23fba81677130fa4
[INFO] [stderr] WARNING: Your kernel does not support swap limit capabilities or the cgroup is not mounted. Memory limited without swap.
[INFO] running `Command { std: "docker" "start" "-a" "6c3e1ae6f719390cb8a59b3a2d0933a2098c13d6e091ccbd23fba81677130fa4", kill_on_drop: false }`
[INFO] [stderr]    Compiling proc-macro2 v0.4.30
[INFO] [stderr]     Checking lazy_static v1.4.0
[INFO] [stderr]     Checking memchr v2.3.3
[INFO] [stderr]     Checking thread_local v1.0.1
[INFO] [stderr]     Checking aho-corasick v0.7.13
[INFO] [stderr]     Checking quote v0.6.13
[INFO] [stderr]     Checking syn v0.14.9
[INFO] [stderr]     Checking regex v1.3.9
[INFO] [stderr]     Checking drone-macros-core v0.8.3
[INFO] [stderr]     Checking Inflector v0.11.4
[INFO] [stderr]     Checking drone-stm32-macros v0.8.3 (/opt/rustwide/workdir)
[INFO] [stdout] error[E0599]: no function or associated item named `def_site` found for struct `proc_macro2::Span` in the current scope
[INFO] [stdout]   --> src/sv.rs:34:38
[INFO] [stdout]    |
[INFO] [stdout] 34 |   let (def_site, call_site) = (Span::def_site(), Span::call_site());
[INFO] [stdout]    |                                      ^^^^^^^^ function or associated item not found in `proc_macro2::Span`
[INFO] [stdout] 
[INFO] [stdout] 
[INFO] [stdout] error[E0599]: no function or associated item named `def_site` found for struct `proc_macro2::Span` in the current scope
[INFO] [stdout]   --> src/sv.rs:34:38
[INFO] [stdout]    |
[INFO] [stdout] 34 |   let (def_site, call_site) = (Span::def_site(), Span::call_site());
[INFO] [stdout]    |                                      ^^^^^^^^ function or associated item not found in `proc_macro2::Span`
[INFO] [stdout] 
[INFO] [stdout] 
[INFO] [stdout] error[E0599]: no function or associated item named `def_site` found for struct `proc_macro2::Span` in the current scope
[INFO] [stdout]   --> src/vtable.rs:86:38
[INFO] [stdout]    |
[INFO] [stdout] 86 |   let (def_site, call_site) = (Span::def_site(), Span::call_site());
[INFO] [stdout]    |                                      ^^^^^^^^ function or associated item not found in `proc_macro2::Span`
[INFO] [stdout] 
[INFO] [stdout] 
[INFO] [stdout] error[E0599]: no function or associated item named `def_site` found for struct `proc_macro2::Span` in the current scope
[INFO] [stdout]   --> src/vtable.rs:86:38
[INFO] [stdout]    |
[INFO] [stdout] 86 |   let (def_site, call_site) = (Span::def_site(), Span::call_site());
[INFO] [stdout]    |                                      ^^^^^^^^ function or associated item not found in `proc_macro2::Span`
[INFO] [stdout] 
[INFO] [stdout] 
[INFO] [stdout] error: aborting due to 2 previous errors
[INFO] [stdout] 
[INFO] [stdout] 
[INFO] [stdout] For more information about this error, try `rustc --explain E0599`.
[INFO] [stdout] 
[INFO] [stderr] error: could not compile `drone-stm32-macros`.
[INFO] [stderr] 
[INFO] [stderr] To learn more, run the command again with --verbose.
[INFO] [stderr] warning: build failed, waiting for other jobs to finish...
[INFO] [stdout] error: aborting due to 2 previous errors
[INFO] [stdout] 
[INFO] [stdout] 
[INFO] [stdout] For more information about this error, try `rustc --explain E0599`.
[INFO] [stdout] 
[INFO] [stderr] error: build failed
[INFO] running `Command { std: "docker" "inspect" "6c3e1ae6f719390cb8a59b3a2d0933a2098c13d6e091ccbd23fba81677130fa4", kill_on_drop: false }`
[INFO] running `Command { std: "docker" "rm" "-f" "6c3e1ae6f719390cb8a59b3a2d0933a2098c13d6e091ccbd23fba81677130fa4", kill_on_drop: false }`
[INFO] [stdout] 6c3e1ae6f719390cb8a59b3a2d0933a2098c13d6e091ccbd23fba81677130fa4
